in base 4?
-113301
What is 12211 (base 4) in base 2?
110100101
What is -22200011 (base 3) in base 14?
-2438
Convert -5486 (base 9) to base 16.
-fcf
What is -1296 (base 15) in base 5?
-111331
-56 (base 9) to base 12
-43
Convert 101120200 (base 3) to base 12.
4569
-4237 (base 12) to base 15
-222d
Convert 3233 (base 8) to base 3.
2022122
Convert 11084 (base 13) to base 12.
15a42
What is -332 (base 6) in base 4?
-2000
Convert 606 (base 9) to base 16.
1ec
-3843 (base 10) to base 13
-1998
What is 556 (base 10) in base 15?
271
Convert -727 (base 14) to base 6.
-10303
Convert 6b0a (base 15) to base 3.
1011012001
What is -2101221 (base 3) in base 4?
-123121
What is 1769 (base 14) in base 16?
1071
What is b9 (base 14) in base 11?
139
Convert -11200 (base 3) to base 9.
-150
Convert 1011101101000010 (base 2) to base 7.
256522
Convert -b46 (base 12) to base 2.
-11001100110
-2023 (base 6) to base 11
-377
What is 4d13 (base 16) in base 3?
1000001210
What is 10012130 (base 4) in base 15?
4e9b
448 (base 11) to base 13
323
Convert b06d (base 15) to base 8.
110554
Convert -28372 (base 12) to base 13.
-1c535
What is 1a09 (base 11) in base 14?
d02
What is 4252 (base 6) in base 7?
2552
192b (base 12) to base 9
4168
-10360 (base 8) to base 15
-1441
Convert -430 (base 13) to base 2.
-1011001011
Convert 3aa2 (base 12) to base 8.
15132
-61673 (base 10) to base 9
-103535
81a7 (base 11) to base 15
335b
Convert -2091 (base 10) to base 14.
-a95
Convert 2de (base 15) to base 8.
1223
Convert 33130 (base 4) to base 3.
1100121
Convert 2636 (base 8) to base 16.
59e
What is 34304 (base 6) in base 12?
2994
What is -6105 (base 11) in base 10?
-8112
What is -2c2 (base 13) in base 7?
-1306
Convert -13908 (base 11) to base 8.
-46423
What is c1de (base 16) in base 9?
75064
-c42 (base 14) to base 5
-34120
What is ba6 (base 13) in base 3?
2201220
Convert -67453 (base 9) to base 8.
-127451
11304 (base 6) to base 13
97c
What is 5242 (base 7) in base 16?
733
What is -1d162 (base 14) in base 3?
-10210000110
Convert 2033100 (base 4) to base 11.
6985
Convert 15435 (base 8) to base 7.
26144
525 (base 9) to base 3
120212
8c2 (base 14) to base 4
123022
What is 43148 (base 11) in base 6?
1202230
100 (base 6) to base 4
210
55665 (base 8) to base 3
1012012112
What is 100111 (base 3) in base 11?
213
-cb (base 16) to base 5
-1303
Convert -11203020 (base 4) to base 16.
-58c8
Convert -1450 (base 9) to base 2.
-10001001010
What is 8332 (base 9) in base 8?
13730
Convert -652 (base 7) to base 6.
-1311
What is 2875 (base 9) in base 13?
cb3
Convert -13032 (base 4) to base 9.
-563
What is 5773 (base 12) in base 8?
23007
What is -3013 (base 6) in base 10?
-657
2a (base 12) to base 10
34
Convert 1553 (base 7) to base 15.
2bb
-101001100011 (base 2) to base 9
-3574
Convert -2033 (base 6) to base 13.
-28b
What is -979e (base 15) in base 7?
-162404
Convert 44203 (base 5) to base 8.
5755
Convert -160 (base 7) to base 15.
-61
What is 111001010001 (base 2) in base 5?
104130
What is 52460 (base 8) in base 3?
1002220201
Convert 1210002 (base 3) to base 5.
20143
311 (base 5) to base 15
56
851 (base 12) to base 5
14323
Convert 9f7 (base 16) to base 7.
10303
Convert 13b3 (base 16) to base 11.
3875
What is -26fd (base 16) in base 10?
-9981
17bf (base 16) to base 11
4627
Convert -124 (base 15) to base 12.
-197
-36154 (base 7) to base 3
-110211021
-136 (base 11) to base 5
-1120
Convert 12b63 (base 12) to base 14.
95c7
Convert 1512 (base 10) to base 2.
10111101000
What is 3612 (base 7) in base 15?
5dc
Convert -686 (base 13) to base 16.
-464
What is -513 (base 8) in base 16?
-14b
What is 15a8 (base 13) in base 8?
6154
What is -8b9 (base 12) in base 15?
-5b3
Convert 449d (base 16) to base 7.
102132
-20020 (base 3) to base 15
-b3
What is -1343 (base 10) in base 5?
-20333
What is 1111100 (base 2) in base 4?
1330
What is 116 (base 11) in base 16?
8a
Convert -1011100100101 (base 2) to base 13.
-290a
What is 159 (base 10) in base 14?
b5
Convert -212f (base 16) to base 6.
-103155
217 (base 8) to base 2
10001111
Convert -7248 (base 10) to base 9.
-10843
What is -1000101111101 (base 2) in base 7?
-16024
What is 3360 (base 7) in base 11?
a08
-130123 (base 4) to base 5
-24234
1000 (base 7) to base 8
527
12220 (base 3) to base 11
135
Convert -260 (base 15) to base 11.
-451
What is -524 (base 7) in base 5?
-2023
Convert 220220212 (base 3) to base 12.
a61b
-40152 (base 6) to base 15
-1852
-111000111001 (base 2) to base 6
-24505
Convert 33223 (base 6) to base 8.
11017
Convert -11011110 (base 2) to base 9.
-266
What is -201012102 (base 3) in base 14?
-515b
What is -4b8 (base 14) in base 3?
-1022001
What is -43 (base 9) in base 5?
-124
What is -237 (base 14) in base 4?
-12321
Convert -130 (base 8) to base 16.
-58
Convert -1271b (base 15) to base 4.
-32121200
36676 (base 9) to base 2
110000000100100
What is -12020102 (base 3) in base 2?
-111011101010
6ecd (base 15) to base 3
1012100211
What is 7331 (base 8) in base 9?
5183
11202 (base 3) to base 6
332
-101010001011 (base 2) to base 12
-168b
100443 (base 5) to base 11
2493
Convert 1053 (base 9) to base 12.
549
-6dcd (base 15) to base 14
-8732
What is -1000110011010000 (base 2) in base 14?
-d1cc
What is -21440 (base 7) in base 13?
-25a0
Convert 22014 (base 5) to base 4.
113211
20021 (base 3) to base 11
144
31213 (base 4) to base 10
871
-515 (base 8) to base 2
-101001101
-d58e (base 15) to base 13
-1770b
-210011 (base 3) to base 9
-704
-28565 (base 10) to base 5
-1403230
What is -105151 (base 9) in base 12?
-30431
What is 1a06 (base 13) in base 16?
f35
What is -2252 (base 6) in base 2?
-1000011000
16ac (base 14) to base 13
1b13
What is 4ab1 (base 13) in base 11?
7a87
What is ab29 (base 13) in base 5?
1230424
Convert -381 (base 13) to base 10.
-612
Convert -21221 (base 3) to base 6.
-554
What is -12007 (base 11) in base 10?
-17310
Convert 99c8 (base 13) to base 14.
7b6a
-402c (base 14) to base 2
-10101100001000
40a (base 14) to base 6
3402
What is -3c70 (base 16) in base 5?
-443342
-214103 (base 5) to base 13
-34a6
Convert -12319 (base 15) to base 14.
-17242
121011 (base 3) to base 5
3221
2cd9 (base 14) to base 3
102000110
Convert -1605 (base 8) to base 10.
-901
86a (base 12) to base 4
103102
Convert 12790 (base 12) to base 3.
1021201100
-56447 (base 8) to base 11
-16a0a
10000100011011 (base 2) to base 4
2010123
-235 (base 10) to base 3
-22201
-326 (base 7) to base 12
-11b
What is 2064 (base 9) in base 2?
10111101100
What is 1530 (base 7) in base 12?
429
What is -289b (base 13) in base 9?
-8046
Convert -3a5 (base 11) to base 6.
-2114
What is -430544 (base 6) in base 14?
-cb84
Convert f64 (base 16) to base 9.
5357
Convert 4f8d (base 16) to base 8.
47615
10101021 (base 3) to base 13
1177
-3312 (base 5) to base 9
-557
-2221022 (base 3) to base 14
-acd
Convert 156445 (base 7) to base 16.
797b
Convert -a6b (base 12) to base 11.
-1165
What is -1002102 (base 3) in base 7?
-2213
Convert 176 (base 16) to base 14.
1ca
41a8 (base 13) to base 10
9095
What is -654 (base 16) in base 4?
-121110
Convert 57625 (base 8) to base 10.
24469
What is 2274 (base 10) in base 11?
1788
a34d (base 15) to base 8
103302
Convert -12133233 (base 4) to base 6.
-323103
Convert -c7 (base 15) to base 11.
-160
Convert -1310 (base 4) to base 13.
-8c
What is -20213 (base 4) in base 16?
-227
-24a (base 15) to base 7
-1342
Convert 101201 (base 3) to base 6.
1201
What is -e61 (base 15) in base 7?
-12310
375 (base 12) to base 5
4041
What is -22410 (base 8) in base 6?
-111520
What is -1110000100101 (base 2) in base 9?
-10785
Convert 2233212 (base 4) to base 16.
2be6
What is -5121 (base 8) in base 9?
-3554
Convert -100112 (base 4) to base 11.
-871
What is 29885 (base 10) in base 13?
107ab
6a78 (base 13) to base 6
153151
-11333 (base 6) to base 9
-2223
What is c13c (base 14) in base 2?
1000000110011010
11230 (base 4) to base 3
111111
What is 711 (base 15) in base 4?
120313
What is -140 (base 15) in base 14?
-165
Convert 14820 (base 10) to base 12.
86b0
Convert -128331 (base 9) to base 10.
-78274
Convert 8292 (base 11) to base 16.
2aef
10b (base 16) to base 10
267
2d1 (base 15) to base 12
45a
What is -11671 (base 11) in base 12?
-9860
11530 (base 6) to base 7
4662
What is -4799 (base 14) in base 6?
-133443
Convert -142102 (base 5) to base 